{"id":24,"date":"2026-02-23T14:52:38","date_gmt":"2026-02-23T14:52:38","guid":{"rendered":"https:\/\/extra1762.be\/?page_id=24"},"modified":"2026-02-23T14:52:38","modified_gmt":"2026-02-23T14:52:38","slug":"politique-de-confidentialite","status":"publish","type":"page","link":"https:\/\/extra1762.be\/?page_id=24","title":{"rendered":"Politique de confidentialit\u00e9"},"content":{"rendered":"\n<p>Informations relatives \u00e0 la protection de vos donn\u00e9es personnelles<\/p>\n\n\n\n<p>Les donn\u00e9es recueillies dans ce formulaire ne seront pas sauvegard\u00e9es mais envoy\u00e9es sur une bo\u00eete mail s\u00e9curis\u00e9e afin de vous contacter au sujet de votre inscription \u00e0 la journ\u00e9e d&rsquo;informations. <\/p>\n\n\n\n<p>Ces donn\u00e9es ne seront conserv\u00e9es sur la bo\u00eete mail uniquement le temps n\u00e9cessaire \u00e0 l\u2019organisation de l\u2019\u00e9v\u00e8nement d\u00e9crit plus haut. <\/p>\n\n\n\n<p>Ces donn\u00e9es ne seront pas transmises \u00e0 des tiers.\u00a0<\/p>\n\n\n\n<p>Conform\u00e9ment aux dispositions du R\u00e8glement G\u00e9n\u00e9ral sur la Protection des Donn\u00e9es (UE 2016\/679) et de la loi du 30 juillet 2018 relative \u00e0 la protection des personnes physiques \u00e0 l&rsquo;\u00e9gard des traitements de donn\u00e9es \u00e0 caract\u00e8re personnel, vous pouvez exercer vos droits relatifs \u00e0 ces donn\u00e9es \u00e0 caract\u00e8re personnel (droit d\u2019acc\u00e8s, de rectification, d\u2019effacement, \u00e0 la limitation, d\u2019opposition et \u00e0 la portabilit\u00e9) en contactant contact@extra1762.be.\u00a0<\/p>\n","protected":false},"excerpt":{"rendered":"<p>Informations relatives \u00e0 la protection de vos donn\u00e9es personnelles Les donn\u00e9es recueillies dans ce formulaire ne seront pas sauvegard\u00e9es mais envoy\u00e9es sur une bo\u00eete mail s\u00e9curis\u00e9e afin de vous contacter au sujet de votre inscription \u00e0 la journ\u00e9e d&rsquo;informations. Ces donn\u00e9es ne seront conserv\u00e9es sur la bo\u00eete mail uniquement le temps n\u00e9cessaire \u00e0 l\u2019organisation de [&hellip;]<\/p>\n","protected":false},"author":1,"featured_media":0,"parent":0,"menu_order":0,"comment_status":"closed","ping_status":"closed","template":"","meta":{"footnotes":""},"class_list":["post-24","page","type-page","status-publish","hentry"],"_links":{"self":[{"href":"https:\/\/extra1762.be\/index.php?rest_route=\/wp\/v2\/pages\/24","targetHints":{"allow":["GET"]}}],"collection":[{"href":"https:\/\/extra1762.be\/index.php?rest_route=\/wp\/v2\/pages"}],"about":[{"href":"https:\/\/extra1762.be\/index.php?rest_route=\/wp\/v2\/types\/page"}],"author":[{"embeddable":true,"href":"https:\/\/extra1762.be\/index.php?rest_route=\/wp\/v2\/users\/1"}],"replies":[{"embeddable":true,"href":"https:\/\/extra1762.be\/index.php?rest_route=%2Fwp%2Fv2%2Fcomments&post=24"}],"version-history":[{"count":2,"href":"https:\/\/extra1762.be\/index.php?rest_route=\/wp\/v2\/pages\/24\/revisions"}],"predecessor-version":[{"id":32,"href":"https:\/\/extra1762.be\/index.php?rest_route=\/wp\/v2\/pages\/24\/revisions\/32"}],"wp:attachment":[{"href":"https:\/\/extra1762.be\/index.php?rest_route=%2Fwp%2Fv2%2Fmedia&parent=24"}],"curies":[{"name":"wp","href":"https:\/\/api.w.org\/{rel}","templated":true}]}}